{"id":4554,"date":"2024-06-07T03:17:42","date_gmt":"2024-06-07T01:17:42","guid":{"rendered":"https:\/\/caroconfort.com\/carrelage\/fliesen-in-der-kueche\/"},"modified":"2025-04-25T11:46:46","modified_gmt":"2025-04-25T09:46:46","slug":"fliesen-in-der-kueche","status":"publish","type":"carrelage","link":"https:\/\/caroconfort.com\/de\/carrelage\/fliesen-in-der-kueche\/","title":{"rendered":"Fliesen in der K\u00fcche"},"content":{"rendered":"\t\t<div data-elementor-type=\"wp-post\" data-elementor-id=\"4554\" class=\"elementor elementor-4554 elementor-2090\" data-elementor-post-type=\"carrelage\">\n\t\t\t\t<div class=\"elementor-element elementor-element-f5864a4 elementor-repeater-item-ang_container_padding_7 e-flex e-con-boxed elementor-repeater-item-none elementor-repeater-item-none_hover e-con e-parent\" data-id=\"f5864a4\" data-element_type=\"container\" data-e-type=\"container\" data-settings=\"{&quot;ang_container_spacing_size&quot;:&quot;ang_container_padding_7&quot;}\">\n\t\t\t\t\t<div class=\"e-con-inner\">\n\t\t<div class=\"elementor-element elementor-element-3b11af8 e-con-full e-flex elementor-repeater-item-default_padding elementor-repeater-item-none elementor-repeater-item-none_hover e-con e-child\" data-id=\"3b11af8\" data-element_type=\"container\" data-e-type=\"container\" data-settings=\"{&quot;ang_container_spacing_size&quot;:&quot;default_padding&quot;}\">\n\t\t\t\t<div class=\"elementor-element elementor-element-7a79bf6 elementor-repeater-item-none elementor-repeater-item-none_hover elementor-widget elementor-widget-heading\" data-id=\"7a79bf6\" data-element_type=\"widget\" data-e-type=\"widget\" data-widget_type=\"heading.default\">\n\t\t\t\t<div class=\"elementor-widget-container\">\n\t\t\t\t\t<h2 class=\"elementor-heading-title elementor-size-default\">Fliesen in der K\u00fcche f\u00fcr eine einzigartige Dekoration\n<\/h2>\t\t\t\t<\/div>\n\t\t\t\t<\/div>\n\t\t\t\t<div class=\"elementor-element elementor-element-9af559b elementor-repeater-item-none elementor-repeater-item-none_hover elementor-widget elementor-widget-text-editor\" data-id=\"9af559b\" data-element_type=\"widget\" data-e-type=\"widget\" data-widget_type=\"text-editor.default\">\n\t\t\t\t<div class=\"elementor-widget-container\">\n\t\t\t\t\t\t\t\t\t<p>Die <strong>Wandfliesen in der K\u00fcche<\/strong> sind in Belgien oft nur die Kredenz, die auch als &#8222;Zwischenraum&#8220; auf der Arbeitsfl\u00e4che bezeichnet wird. Eine seltsame Angewohnheit in einem Raum, der zahlreichen und wiederholten &#8222;Angriffen&#8220; ausgesetzt ist: D\u00e4mpfe, Kochger\u00fcche, Fettd\u00e4mpfe, &#8230; Gefliest w\u00e4ren diese Wandfl\u00e4chen doch viel einfacher zu pflegen!<\/p>\n<p>F\u00fcr Ihre Kredenz ist heute alles m\u00f6glich! <strong>Wandfliesen<\/strong> in kleinen oder gro\u00dfen Formaten, Feinsteinzeug, Steingut, Mosaik, Glas, &#8230; Ihre Wahl h\u00e4ngt von Ihrem Geschmack und der \u00c4sthetik ab, die Sie Ihrer gesamten K\u00fccheninvestition verleihen m\u00f6chten. Z\u00f6gern Sie nie, den Preis f\u00fcr diese 3 oder 4 m\u00b2 zu verlangen. Sie geben Ihrem Projekt den letzten Schliff und entscheiden oft \u00fcber die H\u00f6he seines Erfolgs.<\/p>\n\t\t\t\t\t\t\t\t<\/div>\n\t\t\t\t<\/div>\n\t\t\t\t<div class=\"elementor-element elementor-element-ee30061 elementor-repeater-item-none elementor-repeater-item-none_hover elementor-widget elementor-widget-heading\" data-id=\"ee30061\" data-element_type=\"widget\" data-e-type=\"widget\" data-widget_type=\"heading.default\">\n\t\t\t\t<div class=\"elementor-widget-container\">\n\t\t\t\t\t<h3 class=\"elementor-heading-title elementor-size-default\">Was ist das?<\/h3>\t\t\t\t<\/div>\n\t\t\t\t<\/div>\n\t\t\t\t<\/div>\n\t\t<div class=\"elementor-element elementor-element-2e7660b e-con-full e-flex elementor-repeater-item-default_padding elementor-repeater-item-none elementor-repeater-item-none_hover e-con e-child\" data-id=\"2e7660b\" data-element_type=\"container\" data-e-type=\"container\" data-settings=\"{&quot;ang_container_spacing_size&quot;:&quot;default_padding&quot;}\">\n\t\t\t\t<div class=\"elementor-element elementor-element-69d7bf5 external_elementor-repeater-item-none_external elementor-repeater-item-none elementor-repeater-item-none_hover elementor-widget elementor-widget-image\" data-id=\"69d7bf5\" data-element_type=\"widget\" data-e-type=\"widget\" data-widget_type=\"image.default\">\n\t\t\t\t<div class=\"elementor-widget-container\">\n\t\t\t\t\t\t\t\t\t\t\t\t\t\t\t<img fetchpriority=\"high\" decoding=\"async\" width=\"800\" height=\"714\" src=\"https:\/\/caroconfort.com\/wp-content\/uploads\/2024\/05\/carrelage-caroconfort-1024x914.jpg\" class=\"attachment-large size-large wp-image-337\" alt=\"\" srcset=\"https:\/\/caroconfort.com\/wp-content\/uploads\/2024\/05\/carrelage-caroconfort-1024x914.jpg 1024w, https:\/\/caroconfort.com\/wp-content\/uploads\/2024\/05\/carrelage-caroconfort-300x268.jpg 300w, https:\/\/caroconfort.com\/wp-content\/uploads\/2024\/05\/carrelage-caroconfort-768x686.jpg 768w, https:\/\/caroconfort.com\/wp-content\/uploads\/2024\/05\/carrelage-caroconfort.jpg 1308w\" sizes=\"(max-width: 800px) 100vw, 800px\" \/>\t\t\t\t\t\t\t\t\t\t\t\t\t\t\t<\/div>\n\t\t\t\t<\/div>\n\t\t\t\t<\/div>\n\t\t\t\t\t<\/div>\n\t\t\t\t<\/div>\n\t\t<div class=\"elementor-element elementor-element-060e3f4 elementor-repeater-item-ang_container_padding_7 e-flex e-con-boxed elementor-repeater-item-none elementor-repeater-item-none_hover e-con e-parent\" data-id=\"060e3f4\" data-element_type=\"container\" data-e-type=\"container\" data-settings=\"{&quot;ang_container_spacing_size&quot;:&quot;ang_container_padding_7&quot;}\">\n\t\t\t\t\t<div class=\"e-con-inner\">\n\t\t<div class=\"elementor-element elementor-element-953b2c8 e-con-full e-flex elementor-repeater-item-default_padding elementor-repeater-item-none elementor-repeater-item-none_hover e-con e-child\" data-id=\"953b2c8\" data-element_type=\"container\" data-e-type=\"container\" data-settings=\"{&quot;ang_container_spacing_size&quot;:&quot;default_padding&quot;}\">\n\t\t\t\t<div class=\"elementor-element elementor-element-a085106 external_elementor-repeater-item-none_external elementor-repeater-item-none elementor-repeater-item-none_hover elementor-widget elementor-widget-image\" data-id=\"a085106\" data-element_type=\"widget\" data-e-type=\"widget\" data-widget_type=\"image.default\">\n\t\t\t\t<div class=\"elementor-widget-container\">\n\t\t\t\t\t\t\t\t\t\t\t\t\t\t\t<img fetchpriority=\"high\" decoding=\"async\" width=\"800\" height=\"714\" src=\"https:\/\/caroconfort.com\/wp-content\/uploads\/2024\/05\/carrelage-caroconfort-1024x914.jpg\" class=\"attachment-large size-large wp-image-337\" alt=\"\" srcset=\"https:\/\/caroconfort.com\/wp-content\/uploads\/2024\/05\/carrelage-caroconfort-1024x914.jpg 1024w, https:\/\/caroconfort.com\/wp-content\/uploads\/2024\/05\/carrelage-caroconfort-300x268.jpg 300w, https:\/\/caroconfort.com\/wp-content\/uploads\/2024\/05\/carrelage-caroconfort-768x686.jpg 768w, https:\/\/caroconfort.com\/wp-content\/uploads\/2024\/05\/carrelage-caroconfort.jpg 1308w\" sizes=\"(max-width: 800px) 100vw, 800px\" \/>\t\t\t\t\t\t\t\t\t\t\t\t\t\t\t<\/div>\n\t\t\t\t<\/div>\n\t\t\t\t<\/div>\n\t\t<div class=\"elementor-element elementor-element-9cd5bb5 e-con-full e-flex elementor-repeater-item-default_padding elementor-repeater-item-none elementor-repeater-item-none_hover e-con e-child\" data-id=\"9cd5bb5\" data-element_type=\"container\" data-e-type=\"container\" data-settings=\"{&quot;ang_container_spacing_size&quot;:&quot;default_padding&quot;}\">\n\t\t\t\t<div class=\"elementor-element elementor-element-e7ca9bb elementor-repeater-item-none elementor-repeater-item-none_hover elementor-widget elementor-widget-heading\" data-id=\"e7ca9bb\" data-element_type=\"widget\" data-e-type=\"widget\" data-widget_type=\"heading.default\">\n\t\t\t\t<div class=\"elementor-widget-container\">\n\t\t\t\t\t<h2 class=\"elementor-heading-title elementor-size-default\">Ein Fliesen-Showroom in der N\u00e4he<\/h2>\t\t\t\t<\/div>\n\t\t\t\t<\/div>\n\t\t\t\t<div class=\"elementor-element elementor-element-ff6de90 elementor-repeater-item-none elementor-repeater-item-none_hover elementor-widget elementor-widget-text-editor\" data-id=\"ff6de90\" data-element_type=\"widget\" data-e-type=\"widget\" data-widget_type=\"text-editor.default\">\n\t\t\t\t<div class=\"elementor-widget-container\">\n\t\t\t\t\t\t\t\t\t<p>Finden Sie ein Caro Confort-Gesch\u00e4ft in Ihrer N\u00e4he in einer unserer 7 Verkaufsstellen, die \u00fcber Nordfrankreich und Belgien verteilt sind. Unsere Spezialisten stehen Ihnen gerne zur Verf\u00fcgung, um alle Ihre Fragen \u00fcber <strong>Wandfliesen in der K\u00fcche<\/strong> zu beantworten.<\/p>\n\t\t\t\t\t\t\t\t<\/div>\n\t\t\t\t<\/div>\n\t\t\t\t<\/div>\n\t\t\t\t\t<\/div>\n\t\t\t\t<\/div>\n\t\t\t\t<\/div>\n\t\t","protected":false},"excerpt":{"rendered":"<p>Suchen Sie nach Wandfliesen in der K\u00fcche? Caro Confort ist f\u00fcr Sie da! In unseren Gesch\u00e4ften in Lille, Frankreich, und in Belgien (Arlon, Herve, L\u00fcttich, Namur, Soignies und St. Vith) finden Sie eine gro\u00dfe Auswahl an Farben und Formaten.<\/p>\n","protected":false},"featured_media":2127,"template":"","carrelage-categorie":[68],"class_list":["post-4554","carrelage","type-carrelage","status-publish","has-post-thumbnail","hentry","carrelage-categorie-carrelages-par-piece-de"],"acf":[],"_links":{"self":[{"href":"https:\/\/caroconfort.com\/de\/wp-json\/wp\/v2\/carrelage\/4554","targetHints":{"allow":["GET"]}}],"collection":[{"href":"https:\/\/caroconfort.com\/de\/wp-json\/wp\/v2\/carrelage"}],"about":[{"href":"https:\/\/caroconfort.com\/de\/wp-json\/wp\/v2\/types\/carrelage"}],"version-history":[{"count":5,"href":"https:\/\/caroconfort.com\/de\/wp-json\/wp\/v2\/carrelage\/4554\/revisions"}],"predecessor-version":[{"id":4776,"href":"https:\/\/caroconfort.com\/de\/wp-json\/wp\/v2\/carrelage\/4554\/revisions\/4776"}],"wp:featuredmedia":[{"embeddable":true,"href":"https:\/\/caroconfort.com\/de\/wp-json\/wp\/v2\/media\/2127"}],"wp:attachment":[{"href":"https:\/\/caroconfort.com\/de\/wp-json\/wp\/v2\/media?parent=4554"}],"wp:term":[{"taxonomy":"carrelage-categorie","embeddable":true,"href":"https:\/\/caroconfort.com\/de\/wp-json\/wp\/v2\/carrelage-categorie?post=4554"}],"curies":[{"name":"wp","href":"https:\/\/api.w.org\/{rel}","templated":true}]}}

Fliesen in der Küche

<div data-elementor-type="wp-post" data-elementor-id="4554" class="elementor elementor-4554 elementor-2090" data-elementor-post-type="carrelage">
				<div class="elementor-element elementor-element-f5864a4 elementor-repeater-item-ang_container_padding_7 e-flex e-con-boxed elementor-repeater-item-none elementor-repeater-item-none_hover e-con e-parent" data-id="f5864a4" data-element_type="container" data-e-type="container" data-settings="{&quot;ang_container_spacing_size&quot;:&quot;ang_container_padding_7&quot;}">
					<div class="e-con-inner">
		<div class="elementor-element elementor-element-3b11af8 e-con-full e-flex elementor-repeater-item-default_padding elementor-repeater-item-none elementor-repeater-item-none_hover e-con e-child" data-id="3b11af8" data-element_type="container" data-e-type="container" data-settings="{&quot;ang_container_spacing_size&quot;:&quot;default_padding&quot;}">
				<div class="elementor-element elementor-element-7a79bf6 elementor-repeater-item-none elementor-repeater-item-none_hover elementor-widget elementor-widget-heading" data-id="7a79bf6" data-element_type="widget" data-e-type="widget" data-widget_type="heading.default">
				<div class="elementor-widget-container">
					<h2 class="elementor-heading-title elementor-size-default">Fliesen in der Küche für eine einzigartige Dekoration
</h2>				</div>
				</div>
				<div class="elementor-element elementor-element-9af559b elementor-repeater-item-none elementor-repeater-item-none_hover elementor-widget elementor-widget-text-editor" data-id="9af559b" data-element_type="widget" data-e-type="widget" data-widget_type="text-editor.default">
				<div class="elementor-widget-container">
									<p>Die <strong>Wandfliesen in der Küche</strong> sind in Belgien oft nur die Kredenz, die auch als &#8222;Zwischenraum&#8220; auf der Arbeitsfläche bezeichnet wird. Eine seltsame Angewohnheit in einem Raum, der zahlreichen und wiederholten &#8222;Angriffen&#8220; ausgesetzt ist: Dämpfe, Kochgerüche, Fettdämpfe, &#8230; Gefliest wären diese Wandflächen doch viel einfacher zu pflegen!</p>
<p>Für Ihre Kredenz ist heute alles möglich! <strong>Wandfliesen</strong> in kleinen oder großen Formaten, Feinsteinzeug, Steingut, Mosaik, Glas, &#8230; Ihre Wahl hängt von Ihrem Geschmack und der Ästhetik ab, die Sie Ihrer gesamten Kücheninvestition verleihen möchten. Zögern Sie nie, den Preis für diese 3 oder 4 m² zu verlangen. Sie geben Ihrem Projekt den letzten Schliff und entscheiden oft über die Höhe seines Erfolgs.</p>
								</div>
				</div>
				<div class="elementor-element elementor-element-ee30061 elementor-repeater-item-none elementor-repeater-item-none_hover elementor-widget elementor-widget-heading" data-id="ee30061" data-element_type="widget" data-e-type="widget" data-widget_type="heading.default">
				<div class="elementor-widget-container">
					<h3 class="elementor-heading-title elementor-size-default">Was ist das?</h3>				</div>
				</div>
				</div>
		<div class="elementor-element elementor-element-2e7660b e-con-full e-flex elementor-repeater-item-default_padding elementor-repeater-item-none elementor-repeater-item-none_hover e-con e-child" data-id="2e7660b" data-element_type="container" data-e-type="container" data-settings="{&quot;ang_container_spacing_size&quot;:&quot;default_padding&quot;}">
				<div class="elementor-element elementor-element-69d7bf5 external_elementor-repeater-item-none_external elementor-repeater-item-none elementor-repeater-item-none_hover elementor-widget elementor-widget-image" data-id="69d7bf5" data-element_type="widget" data-e-type="widget" data-widget_type="image.default">
				<div class="elementor-widget-container">
															<img fetchpriority="high" decoding="async" width="800" height="714" src="https://caroconfort.com/wp-content/uploads/2024/05/carrelage-caroconfort-1024x914.jpg" class="attachment-large size-large wp-image-337" alt="" srcset="https://caroconfort.com/wp-content/uploads/2024/05/carrelage-caroconfort-1024x914.jpg 1024w, https://caroconfort.com/wp-content/uploads/2024/05/carrelage-caroconfort-300x268.jpg 300w, https://caroconfort.com/wp-content/uploads/2024/05/carrelage-caroconfort-768x686.jpg 768w, https://caroconfort.com/wp-content/uploads/2024/05/carrelage-caroconfort.jpg 1308w" sizes="(max-width: 800px) 100vw, 800px" />															</div>
				</div>
				</div>
					</div>
				</div>
		<div class="elementor-element elementor-element-060e3f4 elementor-repeater-item-ang_container_padding_7 e-flex e-con-boxed elementor-repeater-item-none elementor-repeater-item-none_hover e-con e-parent" data-id="060e3f4" data-element_type="container" data-e-type="container" data-settings="{&quot;ang_container_spacing_size&quot;:&quot;ang_container_padding_7&quot;}">
					<div class="e-con-inner">
		<div class="elementor-element elementor-element-953b2c8 e-con-full e-flex elementor-repeater-item-default_padding elementor-repeater-item-none elementor-repeater-item-none_hover e-con e-child" data-id="953b2c8" data-element_type="container" data-e-type="container" data-settings="{&quot;ang_container_spacing_size&quot;:&quot;default_padding&quot;}">
				<div class="elementor-element elementor-element-a085106 external_elementor-repeater-item-none_external elementor-repeater-item-none elementor-repeater-item-none_hover elementor-widget elementor-widget-image" data-id="a085106" data-element_type="widget" data-e-type="widget" data-widget_type="image.default">
				<div class="elementor-widget-container">
															<img fetchpriority="high" decoding="async" width="800" height="714" src="https://caroconfort.com/wp-content/uploads/2024/05/carrelage-caroconfort-1024x914.jpg" class="attachment-large size-large wp-image-337" alt="" srcset="https://caroconfort.com/wp-content/uploads/2024/05/carrelage-caroconfort-1024x914.jpg 1024w, https://caroconfort.com/wp-content/uploads/2024/05/carrelage-caroconfort-300x268.jpg 300w, https://caroconfort.com/wp-content/uploads/2024/05/carrelage-caroconfort-768x686.jpg 768w, https://caroconfort.com/wp-content/uploads/2024/05/carrelage-caroconfort.jpg 1308w" sizes="(max-width: 800px) 100vw, 800px" />															</div>
				</div>
				</div>
		<div class="elementor-element elementor-element-9cd5bb5 e-con-full e-flex elementor-repeater-item-default_padding elementor-repeater-item-none elementor-repeater-item-none_hover e-con e-child" data-id="9cd5bb5" data-element_type="container" data-e-type="container" data-settings="{&quot;ang_container_spacing_size&quot;:&quot;default_padding&quot;}">
				<div class="elementor-element elementor-element-e7ca9bb elementor-repeater-item-none elementor-repeater-item-none_hover elementor-widget elementor-widget-heading" data-id="e7ca9bb" data-element_type="widget" data-e-type="widget" data-widget_type="heading.default">
				<div class="elementor-widget-container">
					<h2 class="elementor-heading-title elementor-size-default">Ein Fliesen-Showroom in der Nähe</h2>				</div>
				</div>
				<div class="elementor-element elementor-element-ff6de90 elementor-repeater-item-none elementor-repeater-item-none_hover elementor-widget elementor-widget-text-editor" data-id="ff6de90" data-element_type="widget" data-e-type="widget" data-widget_type="text-editor.default">
				<div class="elementor-widget-container">
									<p>Finden Sie ein Caro Confort-Geschäft in Ihrer Nähe in einer unserer 7 Verkaufsstellen, die über Nordfrankreich und Belgien verteilt sind. Unsere Spezialisten stehen Ihnen gerne zur Verfügung, um alle Ihre Fragen über <strong>Wandfliesen in der Küche</strong> zu beantworten.</p>
								</div>
				</div>
				</div>
					</div>
				</div>
				</div>

<p>Suchen Sie nach Wandfliesen in der Küche? Caro Confort ist für Sie da! In unseren Geschäften in Lille, Frankreich, und in Belgien (Arlon, Herve, Lüttich, Namur, Soignies und St. Vith) finden Sie eine große Auswahl an Farben und Formaten.</p>
